 of 1/b + (-165)/(-10).
2
List the prime factors of -60*(2 + 68/12*-1).
2, 5, 11
Suppose -8*h - 32 = -10*h. Let r = h - 1. List the prime factors of r.
3, 5
Suppose -h = -5*t - 70, -4 = h + 1. List the prime factors of 356/12 + t/9 + 2.
2, 3, 5
Suppose -s - a = -1 + 4, 5*s - 5*a = 15. Suppose s*o + 57 = o. What are the prime factors of o?
3, 19
Suppose 5*f + 13 = -m, -4*m - 2 = f + 12. What are the prime factors of 964/(-12)*-3 - (m - -1)?
3
Let y(v) = -v**3 + 51*v**2 - 234*v + 90. What are the prime factors of y(45)?
2, 3, 5, 19
Let h(f) = -f - 1. Let t be h(-4). Let s be (-10)/(8/(-12)*t). Suppose 0 = -5*w - 4*g + 37, -4*g - 37 = -s*w + 16. List the prime factors of w.
3
Let h(x) = -8 + x**2 + x**2 - x**2. Let o be h(6). Suppose -14*u + o = -13*u. List the prime factors of u.
2, 7
Suppose 4*c - 5*w - 5803 = 0, 540 = 4*c - 2*w - 5254. List the prime factors of c.
1447
Let c = 1808 - 575. What are the prime factors of c?
3, 137
Suppose 58 - 710 = -4*d. Let i = d - 61. What are the prime factors of i?
2, 3, 17
List the prime factors of 8/12*-87*(-63)/6.
3, 7, 29
Suppose 218 = 4*x + 2*v, 4*x - 4*v = -0*x + 200. Let m = 121 - x. List the prime factors of m.
2, 17
Suppose 3*u + 0*d + 5*d - 314 = 0, 0 = -2*u + 4*d + 246. Suppose 8*b - 961 = -u. List the prime factors of b.
2, 53
Suppose -19 = -w + 5*p, -2*w = -p - 2*p - 17. Suppose 4*a = 679 + 41. Suppose -5*g + a = 3*d, -3*g + w*g - d = 44. List the prime factors of g.
3, 13
Let i(y) = y**3 + 7*y**2 + 2*y + 8. Let r be i(-7). Let c = r + 5. What are the prime factors of -3*c*6 - 3?
3, 5
Let f = 78 + -75. Suppose -f*u + 338 = m - 2*m, u - m = 116. What are the prime factors of u?
3, 37
Let q = 5 + 25. What are the prime factors of ((-2322)/q)/((-9)/30)?
2, 3, 43
Let l be 0 - ((-3)/(-3) + -3). Let r be l/1 - (-28)/(-2). List the prime factors of ((-21)/(-2))/((-9)/r).
2, 7
Let u = -232 - -761. List the prime factors of u.
23
Let n(o) = 3*o**2 + 35*o - 48. What are the prime factors of n(-18)?
2, 3, 7
Let d = 76 - 73. Suppose 9*j + d = 6*j, -2*n + 333 = -5*j. List the prime factors of n.
2, 41
Let j(g) = 2*g**2 + 2*g - 2. Let n be j(2). Let i be -4 - (-12 - 2/4*-4). Let z = n - i. List the prime factors of z.
2
Suppose 3*b = b - 5*x + 47, -3*b - 2*x = -43. Suppose -94 = -b*z + 10*z. What are the prime factors of z?
2, 47
Suppose 0 = -3*h + 3 - 6. Let u = h + -14. List the prime factors of (u/(-2))/(6/12).
3, 5
Suppose -n = 0, 22*n - 25*n = 2*b - 8792. List the prime factors of b.
2, 7, 157
Suppose -2*a = 3*k + 62, -3*a + 5*k - 38 - 17 = 0. What are the prime factors of 15/a + (-1646)/(-10)?
2, 41
What are the prime factors of (-238)/((-5)/(-180)*-4)?
2, 3, 7, 17
What are the prime factors of 2264/10 - (44/10 - 5)?
227
Suppose 0 = w + 5*w - 1308. List the prime factors of w.
2, 109
Let p(g) = g**2 + 12*g - 11. List the prime factors of p(15).
2, 197
Let s be 20/(3 + (-31)/10). Let b = -131 - s. What are the prime factors of b?
3, 23
Let q(m) = -3*m + 37. Let z be q(8). Suppose 2608 = z*l + 3*l. List the prime factors of l.
163
Let j = 28 + -20. Suppose 13*l + 255 = j*l. Let r = -32 - l. List the prime factors of r.
19
Let x(k) be the second derivative of k**4/12 + 5*k**3/3 - 5*k**2/2 + k - 53. Let l = -8 - 4. What are the prime factors of x(l)?
19
Let g(y) = y - 427. Let c be g(0). Let m = c - -249. Let h = -119 - m. What are the prime factors of h?
59
Suppose 0 = -7*o - 11*o + 10710. List the prime factors of o.
5, 7, 17
Let o(q) = 2*q**3 - q**2 + 6*q + 13. What are the prime factors of o(6)?
5, 89
Suppose -42 + 547 = 5*q. Suppose -4*c + 377 = q. List the prime factors of c.
3, 23
Suppose 0 = 5*i - 20, -3*s + i + 2896 = s. List the prime factors of s/15 - (-1)/9*-3.
2, 3
Let m(l) = 20*l - 93. List the prime factors of m(23).
367
Let h(r) = r**3 + 16*r**2 - 25*r - 18. What are the prime factors of h(-14)?
2, 181
Suppose 47*v - 30 = 53*v. What are the prime factors of 2 + 135 - ((-4)/(-2) + v)?
2, 5, 7
Suppose -21 - 6 = -9*v. Suppose -v*h = d - 145, 4*h + d - 239 = -h. What are the prime factors of h?
47
Let z = 1473 - 861. List the prime factors of z.
2, 3, 17
Let v = -18 - -16. List the prime factors of (369/(-6))/(((-6)/v)/(-6)).
3, 41
Suppose 952 = -3*y - 92. Let g be y/(-24) + 2/4. Let d = -7 + g. List the prime factors of d.
2
Let g be (2/(-4))/((-9)/36). Suppose -g*i = i. Suppose i = -t - 2*p + 35, 5*p = -3*t - 0*p + 100. List the prime factors of t.
5
Let h(d) be the first derivative of -5*d**2 + 15*d + 4*d**3 - 3 - 1/4*d**4. What are the prime factors of h(11)?
2, 13
Let c = 105 + 147. What are the prime factors of ((-10)/8)/((-7)/c)?
3, 5
Suppose 3*j + 2*j = 5*y + 55, -3*y = -2*j + 29. Let o(n) = n**3 + 8*n**2 - 4*n + 6. List the prime factors of o(y).
83
Let j(w) = 232*w**2 + 5*w + 7. What are the prime factors of j(-2)?
5, 37
Let j = -66 + 66. Suppose -2*r = -2*x - 602, 3*r - x - 908 = -3*x. Suppose -4*m + j*m - 4*a + 264 = 0, 5*m - r = 2*a. List the prime factors of m.
2, 31
Let b(v) = -v**3 - 8*v**2 - 6*v + 2. Let a be b(-8). Let j = a - 19. List the prime factors of j.
31
Let c be 20/3*(-3)/4*10. Let t = c + 59. What are the prime factors of t?
3
Let q(a) = -a**3 - 3*a**2 + 4*a + 4. Let x be q(-4). Let v(t) = -t + 0*t - 5*t - x - 4*t. What are the prime factors of v(-3)?
2, 13
Let y(m) = 28*m**3 - 5*m**2 + 7*m. What are the prime factors of y(2)?
2, 109
Let g = -14 - -14. Suppose -3*l + 3*v + 0*v + 6 = g, 0 = 4*l - v - 11. Suppose 4*j + 6 = 2*t - 0*t, -3*t = -l*j - 24. What are the prime factors of t?
13
Let a = -18 + 23. Let k be (-2)/1 - (-116 - -1). Suppose 7 = a*r - k. List the prime factors of r.
2, 3
Suppose -308 = -4*o - 4*d, -2*o = 4*d + 36 - 182. Let z = o + -16. List the prime factors of z.
5, 13
Let s(z) be the second derivative of z**4/12 + 5*z**3/6 - 3*z**2/2 - 19*z. List the prime factors of s(6).
3, 7
Suppose 20*c - 24*c - 2311 = -3*b, 5*b - 3*c - 3837 = 0. List the prime factors of b.
3, 5, 17
Suppose o = -0*o - 38. Let l = -10 - o. Suppose -3*m - 95 - l = -5*s, 0 = -m - 1. List the prime factors of s.
2, 3
Suppose 147 = 2*s - 97. Let i = s + -65. List the prime factors of i.
3, 19
Let p(t) be the third derivative of 3*t**4/8 + t**3/3 + 10*t**2. Suppose -1 = -3*d + 5. List the prime factors of p(d).
2, 5
Let w(t) = 6*t**2 - 10*t - 4. List the prime factors of w(-5).
2, 7
Let g be ((-10)/8)/(3/(-12)). Let p(v) = -3*v - 33. Let n(f) = 2*f + 22. Let z(b) = g*p(b) + 8*n(b). List the prime factors of z(-7).
2
Let t(k) = k**2 - 18*k + 6. What are the prime factors of t(-13)?
409
Let c be -5 - (-2)/((-8)/(-28)). List the prime factors of (2 + c + 35/(-14))*126.
3, 7
Let n(j) = 21*j + 22. Let k be n(-2). Let d = 108 + -71. Let z = d + k. What are the prime factors of z?
17
Let o(v) = 9*v**3 + 5*v**2 + 48*v - 28. List the prime factors of o(8).
2, 1321
Let p(r) = 3*r - 10 + 4*r**2 + 18 - 2*r + r**3. What are the prime factors of p(4)?
2, 5, 7
List the prime factors of 3*(-1)/5 - 65610/(-225).
3, 97
Suppose 5*z + 4*w - 1230 = 0, 0 = -4*z - 3*w + 2*w + 984. Let u = z + -99. What are the prime factors of u?
3, 7
Let v be 4 + -5 + 5 - 0. Suppose 3*l - 1533 = -v*l. What are the prime factors of l?
3, 73
Let s = 1422 + -717. What are the prime factors of s?
3, 5, 47
List the prime factors of -4 + 237 + 0/2.
233
Let a be 0 - ((-5)/5 + -3). Suppose 114 = -y + a*y. What are the prime factors of y?
2, 19
What are the prime factors of (0 - (1 - 3)) + (-5980)/(-20)?
7, 43
Let n(b) = -b**2 + 9*b - 5. Let m be n(6). Suppose m*o = 4*o + 738. List the prime factors of o.
2, 41
List the prime factors of 443/1 - (-11 + 17).
19, 23
Let r(p) = 15*p**2 - 34*p - 12. What are the prime factors of r(5)?
193
Let q(i) = 11*i**2 - 6. Let m be q(-5). Let b = m + -176. Suppose 5*f = -4*r + b, 2*f + 0*f = 2. What are the prime factors of r?
2, 11
Let g be (2*3)/((-36)/(-168)). Suppose -2*l - 5*d + g = 2*l, -5*d + 14 = -3*l. List the prime factors of ((-3)/l)/(2/(-16)).
2, 3
List the prime factors of ((-61332)/399)/(2/(-14)).
2, 269
Let z(k) = -2*k**3 - 5*k**2 - 15*k + 24. List the prime factors of z(-9).
2, 3, 101
Let z = 125 - 121. Suppose 7*k = -3*q + 4*k + 729, 8 = z*k. List the prime factors of q.
241
Let b(g) be the first derivative of -g**3/3 + 5*g**2 - 14*g + 1. Suppose 20*w = 22*w - 14. What are t